{"id":2296,"date":"2020-04-03T18:30:10","date_gmt":"2020-04-03T16:30:10","guid":{"rendered":"http:\/\/abolgassemi.fr\/?page_id=2296"},"modified":"2023-02-25T16:19:47","modified_gmt":"2023-02-25T14:19:47","slug":"le-succes-de-dont-look-up-et-la-fontaine","status":"publish","type":"page","link":"https:\/\/abolgassemi.fr\/index.php\/le-succes-de-dont-look-up-et-la-fontaine\/","title":{"rendered":""},"content":{"rendered":"\n<h1 class=\"has-virtue-primary-light-color has-text-color wp-block-heading\" style=\"font-size:28px;font-style:normal;font-weight:600\">\u00ab&nbsp;Le succ\u00e8s de \u201cDon\u2019t Look Up\u201d confirme la le\u00e7on de La Fontaine dans \u201cLe Pouvoir des fables\u201d&nbsp;\u00bb<\/h1>\n\n\n\n<p><\/p>\n\n\n\n<p style=\"font-size:18px\">Comme l\u2019avait d\u00e9montr\u00e9 le fabuliste, il faut nous abandonner au plaisir de la fiction, car c\u2019est un des seuls moyens de nous faire agir ensemble face au d\u00e9r\u00e8glement climatique, souligne, dans une tribune au \u00ab&nbsp;Monde&nbsp;\u00bb, Maxime Abolgassemi, professeur en classes pr\u00e9paratoires.<\/p>\n\n\n\n<p class=\"has-virtue-primary-color has-text-color\" style=\"font-size:18px;font-style:normal;font-weight:300\">Jusqu\u2019aux climatologues, nombreux sont ceux qui se r\u00e9jouissent du succ\u00e8s mondial de&nbsp;<em>Don\u2019t Look Up, D\u00e9ni cosmique<\/em>, d\u2019Adam McKay. Voil\u00e0 un film qui r\u00e9ussira peut-\u00eatre \u00e0 causer le choc de conscience tant attendu, secouant enfin notre impuissance tragique, et fatale, face \u00e0 la menace du d\u00e9r\u00e8glement climatique.<\/p>\n\n\n\n<p class=\"has-virtue-primary-color has-text-color\" style=\"font-size:18px;font-style:normal;font-weight:300\">Des commentaires d\u00e9pit\u00e9s se font aussi entendre. Comment, il faut donc un film de Netflix pour commencer \u00e0 \u00ab&nbsp;r\u00e9aliser&nbsp;\u00bb ce que les rapports du Groupe d\u2019experts intergouvernemental sur le climat (GIEC) r\u00e9p\u00e8tent avec toujours plus de pr\u00e9cision&nbsp;? Il fallait donc que le \u00ab&nbsp;marketing narratif&nbsp;\u00bb des plates-formes prenne les choses en main&nbsp;? A la d\u00e9mocratie responsable, on devrait substituer les paillettes d\u2019un casting de stars millionnaires, seul moyen pour nous app\u00e2ter&nbsp;?<\/p>\n\n\n\n<p class=\"has-virtue-primary-color has-text-color\" style=\"font-size:18px;font-style:normal;font-weight:300\">Notons que le film met d\u2019ailleurs cela en abyme. Alors que le plateau d\u2019un \u00ab&nbsp;prime&nbsp;\u00bb t\u00e9l\u00e9visuel \u00e0 succ\u00e8s leur offre la possibilit\u00e9 de toucher le grand public, les deux scientifiques \u00e9chouent parce qu\u2019ils n\u2019entrent pas dans les modalit\u00e9s narratives de l\u2019\u00e9mission, tr\u00e8s codifi\u00e9es (plaisanteries t\u00e9l\u00e9phon\u00e9es entre les pr\u00e9sentateurs, feuilletonisation de la vie de c\u00e9l\u00e9brit\u00e9s, r\u00e9cup\u00e9ration des clashs des r\u00e9seaux sociaux). Idem pour le storytelling politique, qui ne se saisit de leur terrifiante d\u00e9couverte d\u2019une com\u00e8te fon\u00e7ant sur la Terre que pour l\u2019instrumentaliser sans la comprendre.<\/p>\n\n\n\n<p class=\"has-virtue-primary-color has-text-color\" style=\"font-size:18px;font-style:normal;font-weight:300\">Il faut juste se hisser sur les \u00e9paules de ceux qui nous ont pr\u00e9c\u00e9d\u00e9s pour remettre tout cela en perspective&nbsp;: le plus ancien genre litt\u00e9raire du monde, l\u2019apologue, est l\u00e0 pour nous y aider. Personne ne l\u2019a mieux montr\u00e9 que La Fontaine dans&nbsp;<em>Le Pouvoir des fables<\/em>&nbsp;(1678).<\/p>\n\n\n\n<p class=\"has-virtue-primary-color has-text-color\" style=\"font-size:18px;font-style:normal;font-weight:300\">Cela commence comme une lettre \u00e0 un ambassadeur, pour lui sugg\u00e9rer subtilement le moyen de r\u00e9ussir \u00e0 \u00e9viter la guerre qui menace la France de l\u2019\u00e9poque\u2026 En lui racontant un apologue, fable dans la fable en train d\u2019\u00eatre \u00e9crite. Une anecdote historique aidera l\u2019ambassadeur.<\/p>\n\n\n\n<p class=\"has-virtue-primary-color has-text-color\" style=\"font-size:18px;font-style:normal;font-weight:300\">Alors qu\u2019Ath\u00e8nes court un danger mortel, les Perses peut-\u00eatre, un orateur accourt \u00e0 la tribune (autrement dit la sc\u00e8ne m\u00e9diatique d\u2019alors). Vite, il se lance dans un discours d\u00e9clamatoire pour sonner l\u2019alarme et convaincre&nbsp;:&nbsp;<em>\u00ab&nbsp;On ne l\u2019\u00e9coutait pas.&nbsp;\u00bb<\/em>&nbsp;Le discours de raison a \u00e9chou\u00e9.<\/p>\n\n\n\n<p class=\"has-virtue-primary-color has-text-color\" style=\"font-size:18px;font-style:normal;font-weight:300\">Il change alors de tactique, use des figures de style dramatiques de la rh\u00e9torique pour persuader. Mais la foule est plus distraite par des enfants qui se battent (nos \u00ab&nbsp;clashs&nbsp;\u00bb sur les \u00e9crans). Le recours \u00e0 l\u2019emphase du pathos ne donne pas plus de r\u00e9sultats.<\/p>\n\n\n\n<p class=\"has-virtue-primary-color has-text-color\" style=\"font-size:18px;font-style:normal;font-weight:300\">Troisi\u00e8me tentative&nbsp;: raconter une histoire. Alors, voil\u00e0, la d\u00e9esse C\u00e9r\u00e8s, une anguille et une hirondelle arrivent devant un fleuve. Pour le poisson, \u00e7a passe&nbsp;: il nage&nbsp;; l\u2019oiseau s\u2019envole&nbsp;; mais alors\u2026<\/p>\n\n\n\n<p class=\"has-virtue-primary-color has-text-color\" style=\"font-size:18px;font-style:normal;font-weight:300\"><em>\u00ab&nbsp;L\u2019assembl\u00e9e \u00e0 l\u2019instant\/Cria tout d\u2019une voix&nbsp;: Et C\u00e9r\u00e8s, que fit-elle&nbsp;?&nbsp;\u00bb<\/em><\/p>\n\n\n\n<p class=\"has-virtue-primary-color has-text-color\" style=\"font-size:18px;font-style:normal;font-weight:300\">Ayant enfin uni la foule dans une attente commune, l\u2019orateur peut la sermonner, elle qui se passionne de conna\u00eetre&nbsp;<em>\u00ab&nbsp;la suite de l\u2019histoire&nbsp;\u00bb<\/em>&nbsp;plut\u00f4t que s\u2019enqu\u00e9rir de la survie de la Cit\u00e9. Et il est enfin \u00e9cout\u00e9. Morale de La Fontaine&nbsp;? Elle est remarquable. Alors qu\u2019on attendait qu\u2019il redouble \u00e0 son tour la charge contre un (le) peuple si frivole, il renverse la raillerie en aveu, qu\u2019il prolonge jusqu\u2019\u00e0 nous, jusqu\u2019\u00e0 ce d\u00e9but de XXI<sup>e&nbsp;<\/sup>si\u00e8cle o\u00f9 nous nous tenons devant la tribune avec la m\u00eame diversion de l\u2019attention, qu\u2019aggravent les algorithmes qui r\u00e9gissent nos \u00e9crans&nbsp;:<\/p>\n\n\n\n<p class=\"has-virtue-primary-color has-text-color\" style=\"font-size:18px;font-style:normal;font-weight:300\"><em>\u00ab&nbsp;Nous sommes tous d\u2019Ath\u00e8nes en ce point&nbsp;; et moi-m\u00eame, \/Au moment que je fais cette moralit\u00e9, \/Si Peau d\u2019\u00e2ne m\u2019\u00e9tait cont\u00e9, \/J\u2019y prendrais un plaisir extr\u00eame, \/Le monde est vieux, dit-on&nbsp;: je le crois, cependant\/Il le faut amuser encor comme un enfant&nbsp;\u00bb<\/em>.<\/p>\n\n\n\n<p class=\"has-virtue-primary-color has-text-color\" style=\"font-size:18px;font-style:normal;font-weight:300\">Le succ\u00e8s de ce film confirme la le\u00e7on du fabuliste du XVII<sup>e<\/sup>&nbsp;si\u00e8cle fran\u00e7ais, et des nombreux si\u00e8cles de culture qui l\u2019ont pr\u00e9c\u00e9d\u00e9. Il faut nous abandonner au plaisir de la fiction qui nous emporte, car c\u2019est le seul moyen (avec la religion) de nous souder collectivement. Et pouvoir ensuite, ensemble, agir. Alors&nbsp;: vite, qu\u2019un \u00ab&nbsp;narratif&nbsp;\u00bb fasse sens, que d\u2019autres \u0153uvres de fiction tissent de la sorte la trame de notre imaginaire\u2026 Pour nous sauver.<\/p>\n\n\n\n<p style=\"font-size:19px\"><\/p>\n\n\n\n<p><\/p>\n","protected":false},"excerpt":{"rendered":"<p>\u00ab&nbsp;Le succ\u00e8s de \u201cDon\u2019t Look Up\u201d confirme la le\u00e7on de La Fontaine dans \u201cLe Pouvoir des fables\u201d&nbsp;\u00bb Comme l\u2019avait d\u00e9montr\u00e9 le fabuliste, il faut nous abandonner au plaisir de la fiction, car c\u2019est un des seuls moyens de nous faire &hellip; <a href=\"https:\/\/abolgassemi.fr\/index.php\/le-succes-de-dont-look-up-et-la-fontaine\/\">Lire la suite\u00ad\u00ad<\/a><\/p>\n","protected":false},"author":1,"featured_media":0,"parent":0,"menu_order":0,"comment_status":"closed","ping_status":"closed","template":"","meta":{"kt_blocks_editor_width":"","_monsterinsights_skip_tracking":false,"_monsterinsights_sitenote_active":false,"_monsterinsights_sitenote_note":"","_monsterinsights_sitenote_category":0,"footnotes":""},"class_list":["post-2296","page","type-page","status-publish","hentry"],"jetpack_sharing_enabled":true,"jetpack_shortlink":"https:\/\/wp.me\/P6ytyI-B2","_links":{"self":[{"href":"https:\/\/abolgassemi.fr\/index.php\/wp-json\/wp\/v2\/pages\/2296","targetHints":{"allow":["GET"]}}],"collection":[{"href":"https:\/\/abolgassemi.fr\/index.php\/wp-json\/wp\/v2\/pages"}],"about":[{"href":"https:\/\/abolgassemi.fr\/index.php\/wp-json\/wp\/v2\/types\/page"}],"author":[{"embeddable":true,"href":"https:\/\/abolgassemi.fr\/index.php\/wp-json\/wp\/v2\/users\/1"}],"replies":[{"embeddable":true,"href":"https:\/\/abolgassemi.fr\/index.php\/wp-json\/wp\/v2\/comments?post=2296"}],"version-history":[{"count":26,"href":"https:\/\/abolgassemi.fr\/index.php\/wp-json\/wp\/v2\/pages\/2296\/revisions"}],"predecessor-version":[{"id":2737,"href":"https:\/\/abolgassemi.fr\/index.php\/wp-json\/wp\/v2\/pages\/2296\/revisions\/2737"}],"wp:attachment":[{"href":"https:\/\/abolgassemi.fr\/index.php\/wp-json\/wp\/v2\/media?parent=2296"}],"curies":[{"name":"wp","href":"https:\/\/api.w.org\/{rel}","templated":true}]}}